ose 2*o - 3*m + 85 = 0, -2*o - 149 = 2*o + m. Let r = 105 + o. Suppose -c + 5 = 0, c + r = 2*p + 4*c. What are the prime factors of p?
2, 13
Let z = -1915 + 3757. List the prime factors of z.
2, 3, 307
Let c(l) = l**2 - 9*l + 11. Let j be c(8). Suppose b = 2 + 1, -j*a + 4*b - 3 = 0. Let t(y) = 3*y**3 - y**2 - 3*y + 3. List the prime factors of t(a).
2, 3, 11
Suppose 15 = -5*b + 100. Let k(p) = -3*p - 76. Let l be k(-27). Suppose l*s - b = 4*s - 5*i, -5*s + 43 = 4*i. What are the prime factors of s?
7
Let u(l) = l**3 + 13*l**2 + 12*l + 3. Let f be u(-12). Suppose f*i - o = -2*o + 38, -4*i + 48 = 4*o. List the prime factors of i.
13
What are the prime factors of (-12)/(-21) - 1555/(-35)?
3, 5
Let c(z) = 21*z + 48. Let q(g) = 14*g + 32. Let h(l) = 5*c(l) - 8*q(l). What are the prime factors of h(-13)?
3, 5
Suppose 3*z + s + 2*s = 1782, 0 = -4*z + 4*s + 2376. What are the prime factors of z?
2, 3, 11
Suppose -9*j - 254 + 902 = 0. List the prime factors of 4/(j/5601) - (-1)/(-6).
311
Let c be (2*2/(-3))/((-1)/288). Let n = -217 + c. What are the prime factors of n?
167
Let o = -606 - -251. Let m = -118 - o. List the prime factors of m.
3, 79
Let x = 60 - 19. Let w be 620/8 - 6/4. Let d = w - x. What are the prime factors of d?
5, 7
Suppose 2*t = -4*j + 3186, -5*t + 4838 + 3149 = -j. List the prime factors of t.
1597
Suppose 10*r - 4*r - 12 = 0. Suppose 3*p + 2*a - 36 = 13, 0 = r*p + 2*a - 34. What are the prime factors of p?
3, 5
Suppose 0 = 3*b + 4*p, 4*b + 2*p + p = 0. Let v be b + 30 + -4 + -4. Suppose 2*j - v = 102. What are the prime factors of j?
2, 31
Suppose -4 + 0 = -2*l. Suppose 4*y + l*w + 44 = -34, 0 = w - 1. Let v = y + 24. List the prime factors of v.
2
Suppose -2*p - 563 = 3*p + g, 2*g = -5*p - 566. List the prime factors of ((-210)/8)/(21/p).
2, 5, 7
Let h = -72 - 18. Let m = h - -188. What are the prime factors of m?
2, 7
Let a = -1 + 3. Let s(p) = -10*p + 1. Let m be s(a). What are the prime factors of ((-4)/4)/(1/m)?
19
Let b = 496 + -886. Let w = b - -561. List the prime factors of w.
3, 19
Let h = -16 - -20. Suppose h*l = 8, 0 = -2*z - z + l + 25. List the prime factors of z.
3
Let x = 6 - -5. Let n be 138*1 - (-9 + x). Suppose 4*j = -0*j + n. List the prime factors of j.
2, 17
Suppose -4*z + 27 = -0*z - 5*y, 0 = -5*z - 4*y + 44. Suppose 0 = 5*t - z + 3. What are the prime factors of 3 - (6/(-1) - t)?
2, 5
Suppose u - 79 - 164 = 0. List the prime factors of u.
3
List the prime factors of 1/(10*11/28270).
257
What are the prime factors of 21465/36 - 28/(-16)?
2, 13, 23
Suppose -3*w = -2*w + 3. Suppose 0*c = -c + 9. Let z = c + w. What are the prime factors of z?
2, 3
Let l(m) = 2*m**3 + 2*m**2 - 2*m + 3. Let s be l(3). Let o = -11 + s. What are the prime factors of o?
2, 29
Let w(x) = 2*x**2 + 4*x + 206. What are the prime factors of w(0)?
2, 103
Let i(j) = j**3 - 36*j**2 - 30*j + 7. List the prime factors of i(38).
3, 5, 13
Let h = 3777 - 2410. List the prime factors of h.
1367
Suppose m = 20 - 20. Suppose 5*w = 4*l + 834, m = 2*w + 5*l - 3*l - 330. What are the prime factors of w?
2, 83
Suppose 0 = -18*x + 88140 - 15312. What are the prime factors of x?
2, 7, 17
Let z(s) = -156*s - 218. What are the prime factors of z(-13)?
2, 5, 181
List the prime factors of (-7)/((-63)/(-6))*-93.
2, 31
Suppose -7*f + 4906 = 4*f. What are the prime factors of f?
2, 223
Let u(q) = -158*q - 21. What are the prime factors of u(-2)?
5, 59
Let w(m) = 6*m**2 - 3*m + 25. Let s be w(-9). Suppose -2*r - 76 = 4*b - s, b + 5*r - 138 = 0. List the prime factors of b.
113
Let i(o) = 171*o**2 - 52*o + 189. List the prime factors of i(4).
11, 13, 19
Suppose -h - 10 = -3*h. Suppose -h*i + 132 = -3*i. Suppose -i = -4*a + 30. List the prime factors of a.
2, 3
Suppose -78 = -r - 5*r. Let k = r - 11. Suppose c - 18 = k*j, -c + 0*c - 6 = 4*j. What are the prime factors of c?
2, 5
Let p = -966 + 2643. What are the prime factors of p?
3, 13, 43
Suppose -2*l + 3867 + 648 = -j, 3*l = -3*j + 6795. List the prime factors of l.
2, 5, 113
Let i = -13 - -21. Suppose -2*f + 56 = -7*f + 4*b, i = -2*f - 2*b. What are the prime factors of 6/f - (-536)/32?
2
Let x = 68 - 39. Suppose -i + 5*k + x = 0, k + 3*k + 36 = 4*i. Suppose -2*h - 52 = -i*h. What are the prime factors of h?
2, 13
Let l be (-12 - 0)/(-1 - -2). List the prime factors of (17 + l)*26/5.
2, 13
Suppose -3*n + 21*c = 22*c - 13069, 3*c + 13077 = 3*n. What are the prime factors of n?
4357
List the prime factors of ((-2445)/260 + (-2)/(-13))*-28.
7, 37
Let m(g) = -8*g**3 + 3*g**2 - 3*g + 3. Let d be m(2). Let w = d - -88. List the prime factors of w.
3, 11
Suppose 7*a + 3*a = 10. List the prime factors of 398/4 + a/6*3.
2, 5
Suppose 0 = -57*a + 60*a + f - 11096, 18498 = 5*a + 4*f. List the prime factors of a.
2, 43
Let v be 0/8*(1 + -2). Let f(p) = p**3 + p**2 + 2*p + 57. List the prime factors of f(v).
3, 19
Let t = 12 - 13. Let d be (-12)/t + -7 + 7. Let f = 53 - d. List the prime factors of f.
41
Suppose -25 = -2*t + 169. Suppose 0 = 2*p - t - 187. What are the prime factors of p?
2, 71
Suppose 2*q = 2*v + 28, -2*q + 58*v + 16 = 53*v. List the prime factors of q.
2, 3
Let u(r) = r**3 - 16*r**2 - 18*r - 3. Let q be u(18). Let j = q + -180. List the prime factors of j.
3, 47
Let u(v) = -7*v - 22. Suppose 0 = 4*m + 14 + 18. What are the prime factors of u(m)?
2, 17
Let b(r) = 6*r**3 + 6*r**2 - 6*r + 7. List the prime factors of b(5).
877
Suppose 5*h - h + 2*o - 76 = 0, -4*o - 8 = 0. Suppose h = -5*p, 0 = 4*a + 2*p + p - 20. Let t = a - -5. List the prime factors of t.
13
Let y(l) = -l**3 + 11*l**2 - 2*l - 26. Let q = -5 + 15. What are the prime factors of y(q)?
2, 3
Let m(n) = -4*n**3 + 2*n**2 + 3*n + 6. Let i be m(3). Let k = i - -102. List the prime factors of k.
3
Let k(r) = -r**2 + r + 2. Let s be k(0). What are the prime factors of 1*(-1)/s*(8 + -126)?
59
Let a(k) be the first derivative of -8*k**2 - 21*k - 46. List the prime factors of a(-4).
43
Let a = -24 - -23. Let v(m) = 123*m**2 + 2*m + 1. What are the prime factors of v(a)?
2, 61
Let l = 1338 - 699. Suppose -4*g + 1273 = -5*u, -2*g + 8*u = 3*u - l. List the prime factors of g.
317
Suppose -20*o + 13*o = 2359. Let u = o - -527. What are the prime factors of u?
2, 5, 19
Suppose -1 = 2*q + 5. Let r(m) = -3*m - 3. Let k be r(q). Suppose 0 = i - k*i - n + 325, 4*n = -2*i + 130. What are the prime factors of i?
5, 13
Let v = -1526 + 2415. What are the prime factors of v?
7, 127
Suppose 2*m = -2*g + 7*m + 51, 3*g - 29 = -2*m. Suppose -8*j + g*j = 485. What are the prime factors of j?
97
Suppose 6*k = 4*k. Suppose k*g = 2*o - 4*g - 20, 5*o = -5*g + 65. What are the prime factors of o?
2, 3
Let m = 76 + -209. Let v = m - -194. What are the prime factors of v?
61
Let g = 1980 - 782. What are the prime factors of g?
2, 599
Let t(h) = -4*h**2 + 8*h + 3. Let c(i) = -i**2 + 3*i + 1. Let y(d) = -7*c(d) + 2*t(d). Let x be y(-7). What are the prime factors of 10/x + (-106)/(-6)?
17
Let y(t) = -8 + t + 13 + 11 + 22. Let b be y(-11). Let r = 50 - b. What are the prime factors of r?
23
Let b = -672 + 1238. What are the prime factors of b?
2, 283
Let t(s) = -68*s**2. Suppose -5*b + 4*y = y + 7, 19 = -b + 5*y. Let f be t(b). Let j = 95 + f. What are the prime factors of j?
3
Let p = -4 - -3. Let b be (-1 - p)/((-3)/1). Suppose b*o = -4*o + 52. List the prime factors of o.
13
Suppose -18 = 6*v - 3*v. Let u(g) = -5*g + 1. Let w be u(1). List the prime factors of (-3)/v*114 + w.
53
Let x(d) = d**2 - 4*d - 4. Let k be x(-4). Suppose -m = -3*i - k, -2*m - 53 = -3*m - 2*i. What are the prime factors of m?
43
Let k(c) = -7*c**2 + c. Let y be k(1). Let m be (19 - -7)*y/(-4). Let a = 58 - m. What are the prime factors of a?
19
Suppose 8*n + 715 = 3579. List the prime factors of n.
2, 179
Let j = -812 - -1407. List the prime factors of j.
5, 7, 17
Suppose -73*k + 71*k + 7338 = 0. List the prime factors of k.
3, 1223
Suppose 4*g + 5 = 9*g. List the prime factors of 45 + (g + 5)/(-4 + 6).
2, 3
Let d be (12/(-4) - 1)/(-1*2). Suppose 5*t = 3*s - 90, 0 = -4*s + s - d*t + 69. What are the prime factors of s?
5
Suppose 4*x = 5*x - 4. Suppose i - 45 + x = 5*z, -2*i + 10 = -z. Let o(q) = -q**2 - 12*q - 9. List the prime factors of o(z).
23
Suppose -19 = h - 3*h + 5*m, -4*h - 3*m = 1. Let c